{"id":5400,"date":"2025-03-12T15:46:58","date_gmt":"2025-03-12T15:46:58","guid":{"rendered":"https:\/\/www.mastologiarosario.com\/sibim2025\/?page_id=5400"},"modified":"2025-04-08T17:41:02","modified_gmt":"2025-04-08T17:41:02","slug":"webinar-pre-congreso","status":"publish","type":"page","link":"https:\/\/www.mastologiarosario.com\/sibim2025\/webinar-pre-congreso\/","title":{"rendered":"Webinar Pre-Jornada AMAR-AOR"},"content":{"rendered":"\t\t<div data-elementor-type=\"wp-page\" data-elementor-id=\"5400\" class=\"elementor elementor-5400\">\n\t\t\t\t\t\t<section class=\"elementor-section elementor-top-section elementor-element elementor-element-8fb3809 elementor-section-boxed elementor-section-height-default elementor-section-height-default\" data-id=\"8fb3809\" data-element_type=\"section\" data-settings=\"{&quot;background_background&quot;:&quot;classic&quot;}\">\n\t\t\t\t\t\t<div class=\"elementor-container elementor-column-gap-default\">\n\t\t\t\t\t<div class=\"elementor-column elementor-col-100 elementor-top-column elementor-element elementor-element-40c49ba\" data-id=\"40c49ba\" data-element_type=\"column\">\n\t\t\t<div class=\"elementor-widget-wrap elementor-element-populated\">\n\t\t\t\t\t\t<div class=\"elementor-element elementor-element-dbee67c elementor-widget elementor-widget-heading\" data-id=\"dbee67c\" data-element_type=\"widget\" data-settings=\"{&quot;ekit_we_effect_on&quot;:&quot;none&quot;}\" data-widget_type=\"heading.default\">\n\t\t\t\t<div class=\"elementor-widget-container\">\n\t\t\t\t\t<h2 class=\"elementor-heading-title elementor-size-default\">WEBINAR Pre-Jornada<\/h2>\t\t\t\t<\/div>\n\t\t\t\t<\/div>\n\t\t\t\t\t<\/div>\n\t\t<\/div>\n\t\t\t\t\t<\/div>\n\t\t<\/section>\n\t\t\t\t<section class=\"elementor-section elementor-top-section elementor-element elementor-element-439efda elementor-section-boxed elementor-section-height-default elementor-section-height-default\" data-id=\"439efda\" data-element_type=\"section\">\n\t\t\t\t\t\t<div class=\"elementor-container elementor-column-gap-default\">\n\t\t\t\t\t<div class=\"elementor-column elementor-col-100 elementor-top-column elementor-element elementor-element-67cb575\" data-id=\"67cb575\" data-element_type=\"column\">\n\t\t\t<div class=\"elementor-widget-wrap elementor-element-populated\">\n\t\t\t\t\t\t<div class=\"elementor-element elementor-element-56f1c6f elementor-icon-list--layout-inline elementor-align-center elementor-list-item-link-full_width elementor-widget elementor-widget-icon-list\" data-id=\"56f1c6f\" data-element_type=\"widget\" data-settings=\"{&quot;ekit_we_effect_on&quot;:&quot;none&quot;}\" data-widget_type=\"icon-list.default\">\n\t\t\t\t<div class=\"elementor-widget-container\">\n\t\t\t\t\t\t\t<ul class=\"elementor-icon-list-items elementor-inline-items\">\n\t\t\t\t\t\t\t<li class=\"elementor-icon-list-item elementor-inline-item\">\n\t\t\t\t\t\t\t\t\t\t\t<span class=\"elementor-icon-list-icon\">\n\t\t\t\t\t\t\t<i aria-hidden=\"true\" class=\"far fa-calendar-alt\"><\/i>\t\t\t\t\t\t<\/span>\n\t\t\t\t\t\t\t\t\t\t<span class=\"elementor-icon-list-text\">Mi\u00e9rcoles 9 de Abril<\/span>\n\t\t\t\t\t\t\t\t\t<\/li>\n\t\t\t\t\t\t\t\t<li class=\"elementor-icon-list-item elementor-inline-item\">\n\t\t\t\t\t\t\t\t\t\t\t<span class=\"elementor-icon-list-icon\">\n\t\t\t\t\t\t\t<i aria-hidden=\"true\" class=\"far fa-clock\"><\/i>\t\t\t\t\t\t<\/span>\n\t\t\t\t\t\t\t\t\t\t<span class=\"elementor-icon-list-text\">19:30 hs<\/span>\n\t\t\t\t\t\t\t\t\t<\/li>\n\t\t\t\t\t\t<\/ul>\n\t\t\t\t\t\t<\/div>\n\t\t\t\t<\/div>\n\t\t\t\t<div class=\"elementor-element elementor-element-b0eb4a7 elementor-widget elementor-widget-text-editor\" data-id=\"b0eb4a7\" data-element_type=\"widget\" data-settings=\"{&quot;ekit_we_effect_on&quot;:&quot;none&quot;}\" data-widget_type=\"text-editor.default\">\n\t\t\t\t<div class=\"elementor-widget-container\">\n\t\t\t\t\t\t\t\t\t<p style=\"text-align: center;\"><em>Si has completado la inscripci\u00f3n, recibir\u00e1s por correo el link de conexi\u00f3n\u00a0<\/em><\/p>\t\t\t\t\t\t\t\t<\/div>\n\t\t\t\t<\/div>\n\t\t\t\t\t<\/div>\n\t\t<\/div>\n\t\t\t\t\t<\/div>\n\t\t<\/section>\n\t\t\t\t<section class=\"elementor-section elementor-top-section elementor-element elementor-element-c7b1ada elementor-section-boxed elementor-section-height-default elementor-section-height-default\" data-id=\"c7b1ada\" data-element_type=\"section\">\n\t\t\t\t\t\t<div class=\"elementor-container elementor-column-gap-default\">\n\t\t\t\t\t<div class=\"elementor-column elementor-col-100 elementor-top-column elementor-element elementor-element-2917aa5\" data-id=\"2917aa5\" data-element_type=\"column\" data-settings=\"{&quot;background_background&quot;:&quot;classic&quot;}\">\n\t\t\t<div class=\"elementor-widget-wrap elementor-element-populated\">\n\t\t\t\t\t\t<div class=\"elementor-element elementor-element-b8d2b10 elementor-widget__width-initial elementor-widget-mobile__width-initial elementor-widget elementor-widget-image\" data-id=\"b8d2b10\" data-element_type=\"widget\" data-settings=\"{&quot;ekit_we_effect_on&quot;:&quot;none&quot;}\" data-widget_type=\"image.default\">\n\t\t\t\t<div class=\"elementor-widget-container\">\n\t\t\t\t\t\t\t\t\t\t\t\t\t\t\t<img fetchpriority=\"high\" decoding=\"async\" width=\"800\" height=\"751\" src=\"https:\/\/www.mastologiarosario.com\/sibim2025\/wp-content\/uploads\/2025\/03\/Terrier-3.jpg\" class=\"attachment-large size-large wp-image-5405\" alt=\"\" srcset=\"https:\/\/www.mastologiarosario.com\/sibim2025\/wp-content\/uploads\/2025\/03\/Terrier-3.jpg 927w, https:\/\/www.mastologiarosario.com\/sibim2025\/wp-content\/uploads\/2025\/03\/Terrier-3-300x282.jpg 300w, https:\/\/www.mastologiarosario.com\/sibim2025\/wp-content\/uploads\/2025\/03\/Terrier-3-768x721.jpg 768w, https:\/\/www.mastologiarosario.com\/sibim2025\/wp-content\/uploads\/2025\/03\/Terrier-3-600x563.jpg 600w\" sizes=\"(max-width: 800px) 100vw, 800px\" \/>\t\t\t\t\t\t\t\t\t\t\t\t\t\t\t<\/div>\n\t\t\t\t<\/div>\n\t\t\t\t<div class=\"elementor-element elementor-element-c7601f9 elementor-widget__width-initial elementor-widget-tablet__width-initial elementor-widget elementor-widget-text-editor\" data-id=\"c7601f9\" data-element_type=\"widget\" data-settings=\"{&quot;ekit_we_effect_on&quot;:&quot;none&quot;}\" data-widget_type=\"text-editor.default\">\n\t\t\t\t<div class=\"elementor-widget-container\">\n\t\t\t\t\t\t\t\t\t<h3>Omisi\u00f3n de la biopsia de ganglio centinela<\/h3><h4><strong>Dr. Francisco Terrier<\/strong><\/h4><h4>Especialista en Mastolog\u00eda. Director de la Cl\u00ednica Breast de La Plata. Presidente de la SAM.<\/h4>\t\t\t\t\t\t\t\t<\/div>\n\t\t\t\t<\/div>\n\t\t\t\t\t<\/div>\n\t\t<\/div>\n\t\t\t\t\t<\/div>\n\t\t<\/section>\n\t\t\t\t<section class=\"elementor-section elementor-top-section elementor-element elementor-element-092df60 elementor-section-boxed elementor-section-height-default elementor-section-height-default\" data-id=\"092df60\" data-element_type=\"section\">\n\t\t\t\t\t\t<div class=\"elementor-container elementor-column-gap-default\">\n\t\t\t\t\t<div class=\"elementor-column elementor-col-100 elementor-top-column elementor-element elementor-element-4c84c5b\" data-id=\"4c84c5b\" data-element_type=\"column\" data-settings=\"{&quot;background_background&quot;:&quot;classic&quot;}\">\n\t\t\t<div class=\"elementor-widget-wrap elementor-element-populated\">\n\t\t\t\t\t\t<div class=\"elementor-element elementor-element-40b2684 elementor-widget__width-initial elementor-widget elementor-widget-image\" data-id=\"40b2684\" data-element_type=\"widget\" data-settings=\"{&quot;ekit_we_effect_on&quot;:&quot;none&quot;}\" data-widget_type=\"image.default\">\n\t\t\t\t<div class=\"elementor-widget-container\">\n\t\t\t\t\t\t\t\t\t\t\t\t\t\t\t<img decoding=\"async\" width=\"800\" height=\"751\" src=\"https:\/\/www.mastologiarosario.com\/sibim2025\/wp-content\/uploads\/2025\/03\/Recurso-1xxxhdpi.png\" class=\"attachment-large size-large wp-image-5407\" alt=\"\" srcset=\"https:\/\/www.mastologiarosario.com\/sibim2025\/wp-content\/uploads\/2025\/03\/Recurso-1xxxhdpi.png 966w, https:\/\/www.mastologiarosario.com\/sibim2025\/wp-content\/uploads\/2025\/03\/Recurso-1xxxhdpi-300x282.png 300w, https:\/\/www.mastologiarosario.com\/sibim2025\/wp-content\/uploads\/2025\/03\/Recurso-1xxxhdpi-768x721.png 768w, https:\/\/www.mastologiarosario.com\/sibim2025\/wp-content\/uploads\/2025\/03\/Recurso-1xxxhdpi-600x563.png 600w\" sizes=\"(max-width: 800px) 100vw, 800px\" \/>\t\t\t\t\t\t\t\t\t\t\t\t\t\t\t<\/div>\n\t\t\t\t<\/div>\n\t\t\t\t<div class=\"elementor-element elementor-element-f147141 elementor-widget__width-initial elementor-widget-tablet__width-initial elementor-widget elementor-widget-text-editor\" data-id=\"f147141\" data-element_type=\"widget\" data-settings=\"{&quot;ekit_we_effect_on&quot;:&quot;none&quot;}\" data-widget_type=\"text-editor.default\">\n\t\t\t\t<div class=\"elementor-widget-container\">\n\t\t\t\t\t\t\t\t\t<h3>Adyuvancia en pacientes de alto riesgo<\/h3><h4><strong>Dra. Adriana Borello<\/strong><\/h4><h4>Staff del Servicio de Onco-hematolog\u00eda del Hospital Privado Universitario de C\u00f3rdoba. Directora de la carrera de Oncolog\u00eda del Instituto Universitario de Ciencias Biom\u00e9dicas de C\u00f3rdoba.<\/h4>\t\t\t\t\t\t\t\t<\/div>\n\t\t\t\t<\/div>\n\t\t\t\t\t<\/div>\n\t\t<\/div>\n\t\t\t\t\t<\/div>\n\t\t<\/section>\n\t\t\t\t<section class=\"elementor-section elementor-top-section elementor-element elementor-element-d4edcca elementor-section-content-middle elementor-section-boxed elementor-section-height-default elementor-section-height-default\" data-id=\"d4edcca\" data-element_type=\"section\">\n\t\t\t\t\t\t<div class=\"elementor-container elementor-column-gap-default\">\n\t\t\t\t\t<div class=\"elementor-column elementor-col-100 elementor-top-column elementor-element elementor-element-a3747da\" data-id=\"a3747da\" data-element_type=\"column\">\n\t\t\t<div class=\"elementor-widget-wrap elementor-element-populated\">\n\t\t\t\t\t\t<div class=\"elementor-element elementor-element-c58758f elementor-widget__width-initial elementor-widget elementor-widget-image\" data-id=\"c58758f\" data-element_type=\"widget\" data-settings=\"{&quot;ekit_we_effect_on&quot;:&quot;none&quot;}\" data-widget_type=\"image.default\">\n\t\t\t\t<div class=\"elementor-widget-container\">\n\t\t\t\t\t\t\t\t\t\t\t\t\t\t\t<img decoding=\"async\" width=\"800\" height=\"160\" src=\"https:\/\/www.mastologiarosario.com\/sibim2025\/wp-content\/uploads\/2025\/03\/Masto_logos-W2-1-1024x205.jpg\" class=\"attachment-large size-large wp-image-5404\" alt=\"\" srcset=\"https:\/\/www.mastologiarosario.com\/sibim2025\/wp-content\/uploads\/2025\/03\/Masto_logos-W2-1-1024x205.jpg 1024w, https:\/\/www.mastologiarosario.com\/sibim2025\/wp-content\/uploads\/2025\/03\/Masto_logos-W2-1-300x60.jpg 300w, https:\/\/www.mastologiarosario.com\/sibim2025\/wp-content\/uploads\/2025\/03\/Masto_logos-W2-1-768x154.jpg 768w, https:\/\/www.mastologiarosario.com\/sibim2025\/wp-content\/uploads\/2025\/03\/Masto_logos-W2-1-1536x307.jpg 1536w, https:\/\/www.mastologiarosario.com\/sibim2025\/wp-content\/uploads\/2025\/03\/Masto_logos-W2-1-2048x409.jpg 2048w, https:\/\/www.mastologiarosario.com\/sibim2025\/wp-content\/uploads\/2025\/03\/Masto_logos-W2-1-600x120.jpg 600w\" sizes=\"(max-width: 800px) 100vw, 800px\" \/>\t\t\t\t\t\t\t\t\t\t\t\t\t\t\t<\/div>\n\t\t\t\t<\/div>\n\t\t\t\t\t<\/div>\n\t\t<\/div>\n\t\t\t\t\t<\/div>\n\t\t<\/section>\n\t\t\t\t<section class=\"elementor-section elementor-top-section elementor-element elementor-element-642befe elementor-section-boxed elementor-section-height-default elementor-section-height-default\" data-id=\"642befe\" data-element_type=\"section\">\n\t\t\t\t\t\t<div class=\"elementor-container elementor-column-gap-default\">\n\t\t\t\t\t<div class=\"elementor-column elementor-col-100 elementor-top-column elementor-element elementor-element-c7781c2\" data-id=\"c7781c2\" data-element_type=\"column\">\n\t\t\t<div class=\"elementor-widget-wrap elementor-element-populated\">\n\t\t\t\t\t\t\t<\/div>\n\t\t<\/div>\n\t\t\t\t\t<\/div>\n\t\t<\/section>\n\t\t\t\t<\/div>\n\t\t","protected":false},"excerpt":{"rendered":"<p>WEBINAR Pre-Jornada Mi\u00e9rcoles 9 de Abril 19:30 hs Si has completado la inscripci\u00f3n, recibir\u00e1s por correo el link de conexi\u00f3n\u00a0 Omisi\u00f3n de la biopsia de ganglio centinela Dr. Francisco Terrier Especialista en Mastolog\u00eda. Director de la Cl\u00ednica Breast de La Plata. Presidente de la SAM. Adyuvancia en pacientes de alto riesgo Dra. Adriana Borello Staff [&hellip;]<\/p>\n","protected":false},"author":2,"featured_media":0,"parent":0,"menu_order":0,"comment_status":"closed","ping_status":"closed","template":"elementor_header_footer","meta":{"footnotes":""},"class_list":["post-5400","page","type-page","status-publish","hentry"],"_links":{"self":[{"href":"https:\/\/www.mastologiarosario.com\/sibim2025\/wp-json\/wp\/v2\/pages\/5400","targetHints":{"allow":["GET"]}}],"collection":[{"href":"https:\/\/www.mastologiarosario.com\/sibim2025\/wp-json\/wp\/v2\/pages"}],"about":[{"href":"https:\/\/www.mastologiarosario.com\/sibim2025\/wp-json\/wp\/v2\/types\/page"}],"author":[{"embeddable":true,"href":"https:\/\/www.mastologiarosario.com\/sibim2025\/wp-json\/wp\/v2\/users\/2"}],"replies":[{"embeddable":true,"href":"https:\/\/www.mastologiarosario.com\/sibim2025\/wp-json\/wp\/v2\/comments?post=5400"}],"version-history":[{"count":20,"href":"https:\/\/www.mastologiarosario.com\/sibim2025\/wp-json\/wp\/v2\/pages\/5400\/revisions"}],"predecessor-version":[{"id":5818,"href":"https:\/\/www.mastologiarosario.com\/sibim2025\/wp-json\/wp\/v2\/pages\/5400\/revisions\/5818"}],"wp:attachment":[{"href":"https:\/\/www.mastologiarosario.com\/sibim2025\/wp-json\/wp\/v2\/media?parent=5400"}],"curies":[{"name":"wp","href":"https:\/\/api.w.org\/{rel}","templated":true}]}}