{"id":3493,"date":"2024-12-16T22:48:45","date_gmt":"2024-12-16T22:48:45","guid":{"rendered":"https:\/\/sibim2025.mastologiarosario.com\/?page_id=3493"},"modified":"2024-12-19T20:59:35","modified_gmt":"2024-12-19T20:59:35","slug":"codigos-inscripcion","status":"publish","type":"page","link":"https:\/\/www.mastologiarosario.com\/sibim2025\/codigos-inscripcion\/","title":{"rendered":"C\u00f3digos inscripci\u00f3n"},"content":{"rendered":"\t\t<div data-elementor-type=\"wp-page\" data-elementor-id=\"3493\" class=\"elementor elementor-3493\">\n\t\t\t\t\t\t<section class=\"elementor-section elementor-top-section elementor-element elementor-element-7a5fef3 elementor-section-boxed elementor-section-height-default elementor-section-height-default\" data-id=\"7a5fef3\" data-element_type=\"section\" data-settings=\"{&quot;background_background&quot;:&quot;classic&quot;}\">\n\t\t\t\t\t\t<div class=\"elementor-container elementor-column-gap-default\">\n\t\t\t\t\t<div class=\"elementor-column elementor-col-100 elementor-top-column elementor-element elementor-element-0e4aff0\" data-id=\"0e4aff0\" data-element_type=\"column\">\n\t\t\t<div class=\"elementor-widget-wrap elementor-element-populated\">\n\t\t\t\t\t\t<div class=\"elementor-element elementor-element-f95bab1 elementor-invisible elementor-widget elementor-widget-exhibz-title\" data-id=\"f95bab1\" data-element_type=\"widget\" data-settings=\"{&quot;_animation&quot;:&quot;fadeInUp&quot;,&quot;_animation_delay&quot;:350,&quot;ekit_we_effect_on&quot;:&quot;none&quot;}\" data-widget_type=\"exhibz-title.default\">\n\t\t\t\t<div class=\"elementor-widget-container\">\n\t\t\t\t\t\n    <div class=\"title-section-area\">\n        <h2 class=\"section-title\">\n            <span class=\"sub-title\"><\/span>\n\t\t\tIngresar  c\u00f3digo de inscripci\u00f3n        <\/h2>\n\t\t                    <\/div><!-- Section title -->\n    \n    \n\n    \t\t\t\t<\/div>\n\t\t\t\t<\/div>\n\t\t\t\t\t<\/div>\n\t\t<\/div>\n\t\t\t\t\t<\/div>\n\t\t<\/section>\n\t\t\t\t<section class=\"elementor-section elementor-top-section elementor-element elementor-element-4d78b275 elementor-section-boxed elementor-section-height-default elementor-section-height-default\" data-id=\"4d78b275\" data-element_type=\"section\" data-settings=\"{&quot;background_background&quot;:&quot;classic&quot;}\">\n\t\t\t\t\t\t<div class=\"elementor-container elementor-column-gap-default\">\n\t\t\t\t\t<div class=\"elementor-column elementor-col-100 elementor-top-column elementor-element elementor-element-62e8e3f4\" data-id=\"62e8e3f4\" data-element_type=\"column\">\n\t\t\t<div class=\"elementor-widget-wrap elementor-element-populated\">\n\t\t\t\t\t\t<div class=\"elementor-element elementor-element-8985a29 elementor-widget elementor-widget-text-editor\" data-id=\"8985a29\" data-element_type=\"widget\" data-settings=\"{&quot;ekit_we_effect_on&quot;:&quot;none&quot;}\" data-widget_type=\"text-editor.default\">\n\t\t\t\t<div class=\"elementor-widget-container\">\n\t\t\t\t\t\t\t\t\t<p><strong>Socios con cuota al d\u00eda acceden un descuento en el monto de la inscripci\u00f3n, el mismo ya se encuentra aplicado.<\/strong><br \/>Para habilitar su inscripci\u00f3n deber\u00e1 introducir el c\u00f3digo de socio enviado a su correo.<br \/>En caso de no haberlo recibido contactarse a <strong>mastologia@grupobinomio.com.ar<\/strong> para solicitar su c\u00f3digo<\/p>\t\t\t\t\t\t\t\t<\/div>\n\t\t\t\t<\/div>\n\t\t\t\t<div class=\"elementor-element elementor-element-8fd87f2 elementor-widget elementor-widget-html\" data-id=\"8fd87f2\" data-element_type=\"widget\" data-settings=\"{&quot;ekit_we_effect_on&quot;:&quot;none&quot;}\" data-widget_type=\"html.default\">\n\t\t\t\t<div class=\"elementor-widget-container\">\n\t\t\t\t\t<div id=\"sngmbhSerialcodesValidator\">...loading...<\/div>\t\t\t\t<\/div>\n\t\t\t\t<\/div>\n\t\t\t\t\t<\/div>\n\t\t<\/div>\n\t\t\t\t\t<\/div>\n\t\t<\/section>\n\t\t\t\t<section class=\"elementor-section elementor-top-section elementor-element elementor-element-b245f90 elementor-section-full_width elementor-section-height-default elementor-section-height-default\" data-id=\"b245f90\" data-element_type=\"section\">\n\t\t\t\t\t\t<div class=\"elementor-container elementor-column-gap-default\">\n\t\t\t\t\t<div class=\"elementor-column elementor-col-100 elementor-top-column elementor-element elementor-element-4bc420b\" data-id=\"4bc420b\" data-element_type=\"column\" data-settings=\"{&quot;background_background&quot;:&quot;classic&quot;}\">\n\t\t\t<div class=\"elementor-widget-wrap elementor-element-populated\">\n\t\t\t\t\t<div class=\"elementor-background-overlay\"><\/div>\n\t\t\t\t\t\t<section class=\"elementor-section elementor-inner-section elementor-element elementor-element-891a7ce elementor-section-boxed elementor-section-height-default elementor-section-height-default\" data-id=\"891a7ce\" data-element_type=\"section\">\n\t\t\t\t\t\t<div class=\"elementor-container elementor-column-gap-no\">\n\t\t\t\t\t<div class=\"elementor-column elementor-col-100 elementor-inner-column elementor-element elementor-element-a8cbaad\" data-id=\"a8cbaad\" data-element_type=\"column\">\n\t\t\t<div class=\"elementor-widget-wrap elementor-element-populated\">\n\t\t\t\t\t\t<div class=\"elementor-element elementor-element-2870c01 elementor-invisible elementor-widget elementor-widget-exhibz-title\" data-id=\"2870c01\" data-element_type=\"widget\" data-settings=\"{&quot;_animation&quot;:&quot;fadeInUp&quot;,&quot;_animation_delay&quot;:350,&quot;ekit_we_effect_on&quot;:&quot;none&quot;}\" data-widget_type=\"exhibz-title.default\">\n\t\t\t\t<div class=\"elementor-widget-container\">\n\t\t\t\t\t\n    <div class=\"title-section-area\">\n        <h2 class=\"section-title\">\n            <span class=\"sub-title\"><\/span>\n\t\t\tConsultas e informes\n        <\/h2>\n\t\t\t\t\t<div class=\"title-desc\"><p>+54 351 7712096 <br \/>mastologia@grupobinomio.com.ar<\/p><\/div>\n\t\t                    <\/div><!-- Section title -->\n    \n    \n\n    \t\t\t\t<\/div>\n\t\t\t\t<\/div>\n\t\t\t\t<div class=\"elementor-element elementor-element-41cf478 elementor-align-center animated-slow elementor-invisible elementor-widget elementor-widget-button\" data-id=\"41cf478\" data-element_type=\"widget\" data-settings=\"{&quot;_animation&quot;:&quot;fadeInUp&quot;,&quot;_animation_delay&quot;:500,&quot;ekit_we_effect_on&quot;:&quot;none&quot;}\" data-widget_type=\"button.default\">\n\t\t\t\t<div class=\"elementor-widget-container\">\n\t\t\t\t\t\t\t\t\t<div class=\"elementor-button-wrapper\">\n\t\t\t\t\t<a class=\"elementor-button elementor-button-link elementor-size-md\" href=\"#\">\n\t\t\t\t\t\t<span class=\"elementor-button-content-wrapper\">\n\t\t\t\t\t\t<span class=\"elementor-button-icon\">\n\t\t\t\t\t\t\t<\/span>\n\t\t\t\t\t\t\t\t\t<span class=\"elementor-button-text\">Inscripciones<\/span>\n\t\t\t\t\t<\/span>\n\t\t\t\t\t<\/a>\n\t\t\t\t<\/div>\n\t\t\t\t\t\t\t\t<\/div>\n\t\t\t\t<\/div>\n\t\t\t\t\t<\/div>\n\t\t<\/div>\n\t\t\t\t\t<\/div>\n\t\t<\/section>\n\t\t\t\t\t<\/div>\n\t\t<\/div>\n\t\t\t\t\t<\/div>\n\t\t<\/section>\n\t\t\t\t<\/div>\n\t\t","protected":false},"excerpt":{"rendered":"<p>Ingresar c\u00f3digo de inscripci\u00f3n Socios con cuota al d\u00eda acceden un descuento en el monto de la inscripci\u00f3n, el mismo ya se encuentra aplicado.Para habilitar su inscripci\u00f3n deber\u00e1 introducir el c\u00f3digo de socio enviado a su correo.En caso de no haberlo recibido contactarse a mastologia@grupobinomio.com.ar para solicitar su c\u00f3digo Consultas e informes +54 351 7712096 [&hellip;]<\/p>\n","protected":false},"author":2,"featured_media":0,"parent":0,"menu_order":0,"comment_status":"closed","ping_status":"closed","template":"elementor_header_footer","meta":{"footnotes":""},"class_list":["post-3493","page","type-page","status-publish","hentry"],"_links":{"self":[{"href":"https:\/\/www.mastologiarosario.com\/sibim2025\/wp-json\/wp\/v2\/pages\/3493","targetHints":{"allow":["GET"]}}],"collection":[{"href":"https:\/\/www.mastologiarosario.com\/sibim2025\/wp-json\/wp\/v2\/pages"}],"about":[{"href":"https:\/\/www.mastologiarosario.com\/sibim2025\/wp-json\/wp\/v2\/types\/page"}],"author":[{"embeddable":true,"href":"https:\/\/www.mastologiarosario.com\/sibim2025\/wp-json\/wp\/v2\/users\/2"}],"replies":[{"embeddable":true,"href":"https:\/\/www.mastologiarosario.com\/sibim2025\/wp-json\/wp\/v2\/comments?post=3493"}],"version-history":[{"count":7,"href":"https:\/\/www.mastologiarosario.com\/sibim2025\/wp-json\/wp\/v2\/pages\/3493\/revisions"}],"predecessor-version":[{"id":5045,"href":"https:\/\/www.mastologiarosario.com\/sibim2025\/wp-json\/wp\/v2\/pages\/3493\/revisions\/5045"}],"wp:attachment":[{"href":"https:\/\/www.mastologiarosario.com\/sibim2025\/wp-json\/wp\/v2\/media?parent=3493"}],"curies":[{"name":"wp","href":"https:\/\/api.w.org\/{rel}","templated":true}]}}